*2 + 3*r + 1. Let b be 4 + (-3 - (-2 - -4)). Let p be v(b). Suppose p*n - 92 = -4*j, 135 = 3*n - j + 6*j. Is 10 a factor of n?
True
Let h be 20/(-200) + (-81)/(-10). Suppose 10*t - 722 = -i + h*t, -2*i + 3*t = -1416. Is i a multiple of 17?
True
Let f(j) be the first derivative of -j**4/4 - 11*j**3/3 + 23*j**2/2 - 21*j - 20. Let l be 42/4*(-40)/30. Is f(l) a multiple of 35?
True
Suppose 67*b + n = 70*b - 1541, 2*b = 2*n + 1022. Is b a multiple of 103?
True
Let x(c) = 14*c - 3. Let b(r) = 7*r - 2. Let i(l) = 5*b(l) - 3*x(l). Is i(-1) a multiple of 2?
True
Let r = 183 + -187. Does 9 divide (r - (-68)/20)*(-32 + 2)?
True
Suppose 0 = -10*z + 155057 - 58727. Is 72 a factor of z?
False
Let h(p) = p**3 - 4*p**2 - p - 2. Let a be h(5). Suppose 3*o - a + 9 = 0. Is 16 a factor of o/7 - (-6130)/70?
False
Suppose 25*g - 1065 = 10*g. Let o = g - -139. Is 11 a factor of o?
False
Let a(v) = -2*v**2 - 11*v + 2. Let s(m) = -6*m**2 - 33*m + 7. Let c(z) = -8*a(z) + 3*s(z). Let g be c(-5). Does 3 divide ((-54)/(-45))/(4/g)?
True
Let s(d) be the third derivative of -d**5/60 - 13*d**4/24 - d**3/3 + 39*d**2. Does 5 divide s(-7)?
True
Suppose -3*u + 266 = 5*n, -162 - 28 = -2*u + 3*n. Let v = u + 193. Is 12 a factor of v?
False
Does 115 divide (9729/6)/((-72)/(-480))?
True
Let f(p) be the first derivative of -p**3/3 - 7*p**2/2 - 4*p - 11. Let z be f(-6). Suppose 0 = -3*c + 5*u + 196, 0 = -0*c + 2*c - z*u - 132. Is 5 a factor of c?
False
Let z = -207 + 206. Does 94 divide ((-3)/z)/(((-384)/(-7880))/16)?
False
Suppose -p + 2852 = -9*t + 11*t, t = 1. Is 95 a factor of p?
True
Let i = 22 + 27. Let l = 56 - i. Suppose -q - c = -144, -5*q - l*c + 714 = -5*c. Is q a multiple of 12?
False
Let r be (-1332)/6 + (-1 - (-3 + 1)). Let w = -215 - r. Is 2 a factor of w?
True
Is (100/(-6))/25*3/2*-10483 a multiple of 11?
True
Suppose -3*n + 4*q + 25 = 0, -3*q - 21 = -3*n - 0*q. Is 6 a factor of n/(-12) + (273/4 - -4)?
True
Let s = -4165 - -8275. Is s a multiple of 10?
True
Suppose -6*m + 141 = -69. Suppose 2*l = m + 151. Let f = l - 53. Is 10 a factor of f?
True
Suppose 0 = 21*o - 22*o. Let x(m) = 218 + m - 29*m**2 + 64*m**2 - 34*m**2. Does 14 divide x(o)?
False
Let o be ((-2)/4)/((-21)/35238). Suppose 0 = -2*y - r + o, -5*r + 32 - 17 = 0. Is 19 a factor of y?
True
Let q = -4233 + 8727. Suppose 4*p + f - q = -f, p - 1110 = 4*f. Is 51 a factor of p?
True
Let r = 4489 - -1514. Does 23 divide r?
True
Let b(w) = -3*w - 1. Let u be b(-1). Suppose -u*v + 2*c + 206 = 0, -16*c = 4*v - 11*c - 439. Is v a multiple of 4?
False
Suppose 0 = -3*p - 5*w + 13, 0 = w - 2. Let z = 337 - 291. Suppose z = 4*u + 5*i - 39, -i + p = 0. Is 5 a factor of u?
True
Suppose -2*x - 3288 = 10*x. Let r = x + 350. Is r a multiple of 4?
True
Suppose -247 + 112 = p. Let c = 163 + p. Suppose -6*q - c = -496. Is q a multiple of 13?
True
Let a(g) = 2*g**2 - 5*g - 3 + 1 - 1 - 3. Let r(o) = -2*o + 43. Let b be r(19). Is 7 a factor of a(b)?
False
Suppose -27*g - 3*g = -35460. Does 4 divide g?
False
Does 16 divide ((-240)/14)/(840/(-7056))?
True
Suppose 28 = 4*v + 3*p, 5*p = -5*v + 16 + 24. Suppose -2*n + 7*n + 4*z = 12, 3*z = -v*n + 10. Suppose w - 221 - 123 = -n*j, 2*j = -w + 174. Does 13 divide j?
False
Let o be 3 + -5 - (0 - 5). Suppose 5*x = 2*t + 2580, 0*x + o*t - 2605 = -5*x. Is 32 a factor of x/8 - 36/48?
True
Let w = 26478 + -14157. Does 24 divide w?
False
Is ((-6050)/(-15))/(-1*(-4)/54) a multiple of 99?
True
Let y(n) be the first derivative of n**6/180 - 13*n**5/120 + 11*n**4/24 - 5*n**3 + 11. Let a(c) be the third derivative of y(c). Is 2 a factor of a(6)?
False
Suppose -3*n - 8*n = -4702 - 28969. Is 5 a factor of n?
False
Let k(r) = -6*r + 71. Let y(o) = -9*o + 106. Let d(v) = -8*k(v) + 5*y(v). Let l be d(12). Let g(m) = -m**3 + 5*m**2 + 3*m + 1. Does 18 divide g(l)?
False
Suppose 0 = 17*o - 210969 + 79134. Does 141 divide o?
True
Let k be -2*(-15)/(-6) + -3 + 8. Is 512 + (-1 - k) + -2 a multiple of 11?
False
Let o = -73 + 77. Suppose 0 = -5*j + 4*p + 122, -j = o*p + 2 - 12. Does 22 divide j?
True
Suppose 195405 + 7119 = 4*s + 10*s. Is s a multiple of 38?
False
Let a be (-2)/(-40)*-5 + 2610/8. Suppose -5*p = -3*g + a, 2*p + 518 = 5*g - 0*p. Is g a multiple of 41?
False
Let n be 84/16*12*73. Suppose 31*p + n = 40*p. Does 52 divide p?
False
Suppose -3*i + s = 254, 2*s = s + 2. Let g be -2*(-1)/7 + i/294. Suppose g = 4*j + 3*f - 577, 0 = -f - 2*f - 3. Does 29 divide j?
True
Let j(g) = 6*g**2 + 5*g + 9. Let w be 69/6 + 30/(-12). Let d be j(w). Suppose -5*r - d = -8*r. Is r a multiple of 18?
True
Let s = 1871 - 1878. Let c(z) be the first derivative of 2*z**3/3 + 9*z**2/2 + 8*z - 1. Is 12 a factor of c(s)?
False
Suppose 0*y = y - 6. Let f(o) = -o + o**3 + 2 + 5*o**2 + 7*o**2 + 15 - y*o**2. Is f(-6) a multiple of 23?
True
Let r = 943 + -18. Does 114 divide r?
False
Suppose 0*a + 627 = -11*a. Let k = 87 - a. Is k a multiple of 6?
True
Let i = 214 + -214. Suppose i = 9*c + 2*c - 429. Does 2 divide c?
False
Let c = -69 + -258. Let y = -211 - c. Is y a multiple of 5?
False
Is (-2)/(((-68)/22746)/(10/6)) a multiple of 42?
False
Suppose -6*o - 2394 = -4*z - 4*o, 2*o - 6 = 0. Is z a multiple of 12?
True
Suppose -z + 5*f + 24 = -2, 3*f = -4*z + 12. Suppose 7*i + z = 13*i. Let y(c) = 75*c**2 - 2*c + 3. Is 9 a factor of y(i)?
False
Let t(z) = z**3 + 9*z**2 + 89*z - 132. Is 16 a factor of t(20)?
True
Let v(g) = 48*g + 1938. Is v(34) a multiple of 51?
True
Suppose 2*l - 1534 = -5*o, -o + 297 = 85*l - 86*l. Is 3 a factor of o?
False
Let w(z) = 3412*z + 22. Is 34 a factor of w(1)?
True
Let l = -9 - -17. Suppose -2*d + l*d = 54. Suppose -d*k + 20*k - 2728 = 0. Does 62 divide k?
True
Let v be 10708/(-9)*-1 + 32/144. Suppose 56 = -6*y + v. Is 9 a factor of y?
True
Let b(s) be the third derivative of -s**5/60 + s**4 + 61*s**3/6 - 39*s**2. Does 30 divide b(20)?
False
Suppose -3*f + 178*f - 3717700 = 0. Does 47 divide f?
True
Let c(x) = -x**3 - 22*x**2 - 41*x - 17. Let t be c(-20). Suppose t*z - 5*u - 741 = 0, 4*u = -z - u + 247. Does 13 divide z?
True
Let p be 0 - (-3 + 0) - -44. Let c = p - 40. Suppose -3*d = -c*d + 368. Is 23 a factor of d?
True
Suppose -911890 = -15246*o + 15197*o. Is o a multiple of 40?
False
Suppose 1864*g = 1533*g + 252553. Does 4 divide g?
False
Let c(m) = 2*m - 2. Let x be c(3). Suppose 218 = 4*f + d - 2*d, 0 = -2*f + x*d + 116. Does 15 divide -3 + (f - (-6)/(-2))?
False
Suppose 5*w - 1492 = -3*n, -13*w - 2*n + 896 = -10*w. Is 8 a factor of w?
True
Suppose 0 = -4*m + 15 - 7. Let y be ((-572)/2)/m + (-14 - -13). Let t = y + 216. Does 18 divide t?
True
Let v = 6 + -6. Suppose 3*t + 2*f = -3*f + 1127, -f - 5 = v. Is 16 a factor of t?
True
Let b(g) = 144*g + 205. Let a be b(14). Suppose -c = 2159 - a. Does 27 divide c?
False
Let o(j) = 10*j + 3. Let q be o(0). Suppose 7*h - q*h = -12, 3*h = -x + 388. Does 34 divide x?
False
Suppose 5*a = 3*d + 33161, -2*a - 210*d + 209*d + 13260 = 0. Is a a multiple of 17?
False
Let a be (-12)/(-66) - 24/11. Let w = a + 40. Suppose i + 6*k - w = k, -4*i + 188 = 2*k. Is i a multiple of 14?
False
Let z(g) = -g**2 - 10*g - 25. Let t be z(-5). Suppose -u + 29 = -0*u - 5*c, t = 3*u - 3*c - 27. Suppose -149 = -u*i + 15. Is i a multiple of 41?
True
Let y(m) = 27*m - 3*m**2 + 6*m**2 + 18 - 12*m. Is y(-5) a multiple of 9?
True
Let k = 44 - 39. Suppose 2*o = k*t - 44, t = 6*t + 3*o - 59. Suppose z - 19 = -t. Does 9 divide z?
True
Let o be 3/((-6)/(-28))*(-3)/6. Let s(q) = 52*q + 4. Let m(p) = 52*p + 3. Let x(y) = o*m(y) + 6*s(y). Is 37 a factor of x(-3)?
False
Let a be 10/50 - (-258)/10. Let i(k) = 3*k - 8. Does 25 divide i(a)?
False
Let l(w) = w**3 - 4*w**2 - 7*w + 12. Suppose -13*d + 21*d - 64 = 0. Does 41 divide l(d)?
False
Let r(k) = k**3 + 12*k**2 - 18*k - 4. Let v be r(-14). Let b = 835 + v. Is 12 a factor of b?
False
Let u = 27794 - 10332. Is u a multiple of 15?
False
Suppose -c + 55*z + 12554 = 57*z, 2*c + z - 25096 = 0. Is 9 a factor of c?
True
Let n = -7 + 30. Suppose 33 = -2*q - h - n, 4*q + 3*h + 112 = 0. Let p = q + 59. Is p a multiple of 11?
False
Suppose -15*n + 23556 = -13*n + 4*w, -w + 23562 = 2*n. Is n a multiple of 10?
False
Suppose 21*v - 304725 = -4*v. Is v a multiple of 17?
True
Let i = -43 - -140. Suppose -i*t + 85*t = -1896. Does 26 divide t?
False
Let m = 262 - 15